 (-3 - -3) + (7 - -3 - 4)?
6
What is 11 - 23 - -1 - -7?
-4
Calculate 12 + 0 + 42 + -50 + -2.
2
What is the value of (-5 - (8 - 9)) + 4?
0
What is the value of -5 - (-8 - -13) - -13?
3
Calculate -2 - (5 - (9 + 2 + -4)).
0
-1 - -22 - 13 - (-1 + 1)
8
Calculate 3 + (0 - (4 - -2)) + 0.
-3
What is the value of -11 + 7 - (-4 - -2)?
-2
(-5 - (-16 + 10)) + 0
1
4 + -2 + -1 + -2 + 3
2
What is 9 - (4 - (-8 - -9))?
6
What is (0 - (2 - 1 - -1)) + 6?
4
What is (0 - (18 - 25)) + -4 + 0?
3
What is -3 - (-3 + 6 + 2 + -3)?
-5
(6 - 19) + 15 - -2
4
Calculate 1 - (-2 + 0 - 2).
5
Evaluate -2 - -11 - (-2 + 6 + 0).
5
Evaluate -194 + 199 + (0 - (2 - 0)).
3
Evaluate -6 - (1 - -7) - -5.
-9
Calculate -86 + 90 - ((9 - -2) + 1).
-8
Evaluate (6 - (-3 - (5 - 6))) + -3.
5
Calculate 1 + (10 - 6) + -7.
-2
What is (-2 - -1) + 0 + -1?
-2
What is 9 + (-3 - -6) + -6?
6
What is the value of -2 + -1 + -3 + 6?
0
Calculate -3 + 0 - (-4 - (4 + -8)).
-3
-5 + (8 - -3) - (0 - -5)
1
Calculate 18 + -15 - (0 - (-1 + 0)).
2
-6 - ((-3 - 5) + -2)
4
What is -4 + -9 + (7 - -1)?
-5
-12 + (1 - (2 + -5)) + 4
-4
-4 + (-6 - -9) - -7
6
Evaluate (-2 + 4 + -5 - -5) + 0.
2
Evaluate 4 - (4 - (5 - 7 - 4)).
-6
Evaluate 6 + 23 + -27 + (-1 - 2).
-1
5 + 4 + -3 + 1 + -2
5
Calculate -5 + -1 + (20 - 17).
-3
Calculate 14 + -2 - (4 - -4).
4
6 - (-1 + 5) - 4
-2
Evaluate -1 - (-2 + 7 + -1) - 0.
-5
What is the value of (3 - -6) + -9 - (-2 - 1)?
3
Calculate -3 + 3 + -2 + 1.
-1
What is 1 + (6 - 3) + 0 - 3?
1
What is the value of -4 - (-5 + (4 - 2) - -1)?
-2
8 - 4 - 2 - 1
1
Calculate -3 - (-5 + 1 + 0 + -1).
2
-1 - (-4 - (3 + -5))
1
11 - (0 + -1 - -9)
3
-4 + (0 - 7) + (5 - 4)
-10
What is (-1 - 4) + 15 - 1 - 5?
4
What is the value of 4 - (-12 + 14 - (-2 + 2))?
2
What is 1 + (-7 - (-7 + 5)) - -7?
3
-2 - ((-3 - -11) + 0 + -3)
-7
Calculate (-3 - -6 - 3) + 3 + 2.
5
Evaluate 10 + 2 + -14 + -1.
-3
What is the value of -3 - 0 - -5 - 5?
-3
-1 + (5 - (4 - -5))
-5
What is the value of -3 + 4 - (-11 - -6 - 0)?
6
Evaluate -14 + 8 + (2 - 0).
-4
Evaluate 8 - 6 - (4 + 2).
-4
-1 + 0 + 0 - -2 - 4
-3
-12 + 13 - (-5 - (-2 - 1))
3
Calculate -6 - ((1 - 6) + -11 + 15).
-5
Calculate 1 + -2 + 4 - -2.
5
What is the value of (-42 - -42) + -2 + -2 - -4?
0
Calculate (-64 - -67) + (1 + -7 - 0).
-3
What is 28 + -28 + (-1 - 0)?
-1
What is -5 + (8 - (2 + 5 + -8))?
4
(-3 - (-9 - -5)) + -5
-4
What is 4 - (13 + 7 + -10)?
-6
Evaluate 51 - 40 - (1 - -7).
3
What is the value of -4 + (3 - (-4 + 3)) + -1?
-1
Calculate -11 + 13 - (-1 + -2).
5
Calculate (22 - 25) + -1 + 5.
1
What is 0 + -1 - (-6 - (6 - 9))?
2
Evaluate -5 + (2 + -7 - -13).
3
What is the value of -6 - (-1 - (6 - 2))?
-1
What is -8 + (-2 - -2) + 5?
-3
2 - 2 - (-5 - (-5 + 1))
1
5 - (9 - 3) - (4 + 0)
-5
What is 2 + -6 + 1 - (-26 + 26)?
-3
Evaluate 4 + (2 - 9) - -2 - 1.
-2
What is 0 + (4 - 2) + -6?
-4
What is the value of 12 - (3 - 0) - 12?
-3
What is (-8 - (0 - (-8 - -8))) + 1?
-7
Calculate (8 - (4 + 0)) + 4 - 5.
3
-3 + (3 - (-1 + 3 + 0))
-2
What is -3 + (-5 - (3 + -10))?
-1
What is 1 - (0 + -6 + 7 - -2)?
-2
What is the value of -5 + (-21 + 31 - (-2 - 2))?
9
Calculate 12 + -17 + 0 + 4.
-1
What is (2 - 6) + 4 + -3 + 0?
-3
Evaluate (-2 - -4) + -1 - (1 - 5).
5
What is the value of -1 + 13 + (-73 - -65)?
4
1 - (5 - 1 - 8)
5
(-1 - (-9 + 4 - -1)) + -3
0
Calculate 1 + 2 + -2 - (1 - -2).
-2
Calculate 2 + (4 - (3 + (-4 - -4))).
3
Calculate (1 - -6) + (-7 - 4) + 11.
7
Evaluate -2 + 0 + (-5 - -1) + 9.
3
Evaluate (-5 - -1) + (27 - 22).
1
What is 4 - (0 - (-5 + 1 + 0))?
0
What is -4 + 4 + 1 + -2 + 1?
0
What is -12 - (-4 - (-12 - -11))?
-9
What is (-2 + 8 - (-6 + 7)) + -13?
-8
What is the value of (1 - 0) + 0 + -1 + 0?
0
Evaluate -3 + (11 - (4 - (0 + 2))).
6
Calculate (-1 - (-8 + 2)) + (-49 - -44).
0
(3 + -2 - -3) + -4 - 4
-4
-4 - (-3 - (3 - 4))
-2
What is the value of 4 - 4 - (-4 - (3 - 6))?
1
(4 - 7) + 3 - -1
1
What is the value of 2 + (-1 - (2 - -2))?
-3
What is (20 - 1) + (-34 - -29) + -8?
6
(6 - 0) + (-11 - -12)
7
What is 2 - (1 + 3 + -6)?
4
Evaluate -8 + -6 + 10 - -10.
6
Evaluate 0 + (-6 - -1) - 0.
-5
Calculate (1 - 4) + (2 - 2) - 0.
-3
What is -11 - 0 - (-102 + 94)?
-3
Evaluate -4 - ((3 - 0) + -5).
-2
What is the value of (4 - 2) + (-3 - 0)?
-1
Calculate 1 - (-13 + 27) - -10.
-3
2 + ((2 - 5) + -4 - -3)
-2
What is the value of (6 - (4 - 0)) + (-9 - -2)?
-5
Calculate -2 + -3 + 8 + 0.
3
What is -4 + 2 + 1 - 2?
-3
What is the value of 1 + 1 + (4 - 13) + 6?
-1
(2 - 3 - 1) + 5
3
Calculate 19 + -17 + (-1 - (-4 - -2)).
3
Calculate (-1 + -1 + 3 - 0) + -4.
-3
Evaluate -3 - (-7 + 7) - -6.
3
Evaluate 7 + -9 - -8 - 9.
-3
Evaluate -5 - (-5 - (4 - 9)).
-5
Calculate (6 - (-15 + 10)) + -11.
0
-2 - -6 - -2 - 7
-1
What is the value of 1 + -4 - ((2 - 7) + 2)?
0
What is the value of (-3 - -7) + -1 + -7?
-4
Calculate (-27 - -27) + (-1 - -2) - -1.
2
-2 - (5 - 4) - (-1 + 3)
-5
21 - (23 + (4 - 14))
8
(4 + 1 + 3 - 3) + -5
0
What is (30 - 19) + -6 + 0 + -7?
-2
Calculate (-1 - 2) + (1 - -7 - 0).
5
What is the value of -3 - 1 - -1 - (1 + -1)?
-3
What is (6 - 2 - 3) + (4 - 9)?
-4
Evaluate 0 - -3 - (7 + -4).
0
Calculate (-4 - (0 - -4)) + 8.
0
Calculate 2 - (-6 + 6) - 4.
-2
What is (-3 - (3 + -3)) + (-1 - -4)?
0
Evaluate 0 + -2 - (2 + -4).
0
Calculate (5 - (14 - 4)) + (-2 - -6).
-1
(3 - -2) + (2 - 1) + -8
-2
What is -3 + ((-2 - -2) + 7 - -1)?
5
What is the value of (0 - -1) + -1 + -1 + 2?
1
-5 - (-4 - (-1 - 2))
-4
What is the value of -3 - -1 - (-1 - 3 - -3)?
-1
What is the value of -84 + 79 + (0 - -2)?
-3
4 - 1 - (1 + -1)
3
Calculate (-7 + 6 + -6 - -2) + 4.
-1
(3 - 0) + 3 - 3
3
What is (0 - -4) + (6 - 10)?
0
Calculate -4 - (-3 - (-6 - -3)).
-4
Calculate -16 + 3 + 18 + (-1 - 1).
3
-1 + 5 - (-1 - -5 - -4)
-4
Calculate -69 + 82 + 2 + (-11 - -2).
6
What is (1 + 1 - -2) + 2 + -1?
5
What is the value of 2 + 1 - (-4 + 1 + 4)?
2
What is the value of -9 + 1 - (-78 - -75)?
-5
(-3 + 5 - -3) + -4
1
(-3 - -1) + 5 + 10 + -10
3
Calculate 0 + (-3 - -4 - (2 + 2)).
-3
Evaluate (-9 - 0) + (4 - -13).
8
27 + -23 + (1 - -2)
7
What is the value of (0 - (1 + 0 - 5)) + -9?
-5
Calculate -6 - -6 - (-8 + 3).
5
-1 - (-2 + -2) - (20 - 18)
1
Calculate 4 - (0 + (0 + -3 - -6)).
1
Calculate (2 - (13 - 8)) + 5 + -1.
1
Evaluate 6 + -10 - (-9 - -4 - -3).
-2
-2 + 1 - (-31 - -34)
-4
What is 27 - 29 - (0 - -4)?
-6
(5 - 9) + 8 + -2 + 1
3
What is the value of -2 - (3 - (7 - (-1 - 1)))?
4
Evaluate 8 + -1 + 5 + -13.
-1
Evaluate -8 + 7 + -5 + 2.
-4
Calculate 10 + 5 + -12 + 4.
7
What is (18 + -6 - 5) + -3?
4
What is the value of -3 + 4 + -1 + -4 + 2?
-2
What is the value of -6 + (-6 + -1 - -11) - -5?
3
Calculate 6 + -5 + 0 + (4 - 8).
-3
Calculate (-6 + (4 - -6) - 2) + -3.
-1
What is the value of -2 + 4 + -1 - 5?
-4
What is -5 - (16 - 7 - 8)?
-6
Calculate 1 - (0 - 0) - (-42 + 46).
-3
What is the value of -2 + 0 + -3 + 1 + 6?
2
What is the value of 0 + 1 + -12 + 7?
-4
What is the value of 0 + 12 - 10 - (6 - 0)?
-4
Evaluate 1 - -5 - 12 - -6.
0
(5 - 10) + (5 - (-2 + -3))
5
16 + -12 - (5 + -3)
2
Evaluate 3 - (0 - (-7 + 1)).
-3
2 + 1 - (11 - -3 - 9)
-2
Calculate -3 + (-3 - -7 - (2 + -6)).
5
Evaluate 12 - (-9 - (4 + -24)).
1
What is (4 - 12) + (5 - 0)?
-3
What is the value of 3 - 2 - (7 + -4 - -1)?
-3
Evaluate -4 + -7 + (-8 - -4 - -7).
-8
What is (0 + 2 - (-3 + 1)) + -1?
3
What is 4 - (-3 + (1 - -2)) - 1?
3
What is 2 + -5 + (16 - 16 - 4)?
-7
Evaluate -13 + 32 + -9 - 13.
-3
What is -6 + 11 + (2 - 7) + 0?
0
What is the value of 5 - ((2 + -2 - 0) + -1)?
6
What is 3 - 5 - 3 - -7?
2
Calculate 0 - 0 - (5 - (-4 + 5)).
-4
Evaluate 1 + -4 - (6 - (9 - 4)).
-4
What is (9 - 4) + (0 - 9)?
-4
3 - -4 - 14 - -11
4
(-13 - -13 - (-1 + 0)) + 2
3
(-5 + 2 - 9) + 5
-7
(3 - 8) + 4 + (0 - 2)
-3
-2 + 5 + (-9 + 12 - 6)
0
6 - (6 - 9 - -8)
1
Evaluate -2 + (4 - (-2 - -5)) + 3.
2
What is the value of 1 + -1 - (0 + (5 - 6))?
1
What is -2 - (-7 + 2 - -1) - 4?
-2
Calculate (-2 - -6 - 0) + (26 - 29).
1
Calculate (4 - -2) + -5 - 4 - -7.
4
Evaluate (-1 - -10) + -4 + (3 - 11).
-3
4 + 2 - (1 + (-1 - -2))
4
What is 3 - 0 - (1 + -1 + -2)?
5
Evaluate 0 + (2 - 4) + 1 + -2.
-3
Evaluate 1 - ((-1 - -2) + 3).
-3
Evaluate (-4 - (-4 - 0)) + 4.
4
Evaluate 7 - 5 - 5 - -4.
1
What is the value of -2 + 1 + -1 + 6?
4
-10 + 0 - -4 - -4
-2
What is (-3 - (-4 + 4)) + 5 + 3?
5
Evaluate 6 + 2 + -4 - 7.
-3
What is the value of (0 - -10) + -5 + (-4 -